{"id":369,"date":"2010-10-13T11:10:19","date_gmt":"2010-10-13T11:10:19","guid":{"rendered":"http:\/\/www.lars-hofmann.com\/Mediation\/?page_id=369"},"modified":"2012-10-23T20:28:45","modified_gmt":"2012-10-23T20:28:45","slug":"mediationsausbildung-in-bamberg","status":"publish","type":"page","link":"https:\/\/lars-hofmann.com\/Mediation\/aktuelles\/mediationsausbildung-in-bamberg\/","title":{"rendered":"Ausbildung Bamberg"},"content":{"rendered":"<p style=\"text-align: left;\">Der zweite Durchgang der \u00a0Mediationsausbildung mit dem  Schwerpunkt &#8222;Konfliktmanagement in Organisationen und Unternehmen&#8220; ist mit 16 TeilnehmerInnen gestartet.<\/p>\n<p style=\"text-align: left;\">Falls Sie noch Interesse haben, es sind noch zwei Pl\u00e4tze frei, und ein Einstieg zum zweiten Modul ist noch m\u00f6glich. Fragen und Anmeldungen bitte\u00a0an mich oder an Frau Endres von unserem Kooperationspartner bbw in Bamberg.<\/p>\n<p style=\"text-align: left;\">Der n\u00e4chste Durchgang wird Ende 2013\/Anfang 2014 starten.<\/p>\n<p style=\"text-align: left;\">Das gesamte Kurskonzept mit allen Terminen gibt es <a href=\"https:\/\/lars-hofmann.com\/Mediation\/wp-content\/uploads\/Mediationskonzept_digi1.pdf\" target=\"_blank\">hier<\/a> zum Download<\/p>\n<p style=\"text-align: left;\">N\u00e4here Infos bzgl. Organisation gibt es direkt bei unserem Kooperationspartner bbw in Bamberg:<\/p>\n<p style=\"text-align: left;\">Ute Endres, bbw Bamberg<\/p>\n<p style=\"text-align: left;\">Telefon: 0951\/9322436 oder per Mail: endres.ute@ba.bbw.de<\/p>\n<p>Die Ausbildung richtet sich an F\u00fchrungskr\u00e4fte, Personalverantwortliche und Mitarbeiter\/innen aus Unternehmen, Verb\u00e4nden, Verwaltungen und sozialen Einrichtungen. Dar\u00fcber hinaus eignet sie sich f\u00fcr Personal-\/Betriebsr\u00e4te sowie freiberufliche Beraterinnen und Berater (Organisations- und Unternehmensberater, Rechtsanw\u00e4lte, Trainer, Coaches), die<\/p>\n<ul>\n<li>ihre Konfliktbearbeitungs-Kompetenz erweitern m\u00f6chten,<\/li>\n<li>Mediation und Konfliktmanagement im Arbeitsfeld und\/oder ihrer pers\u00f6nlichen Umgebung anwenden m\u00f6chten,<\/li>\n<li>sich eine zus\u00e4tzliche berufliche Perspektive erschlie\u00dfen wollen.<\/li>\n<\/ul>\n","protected":false},"excerpt":{"rendered":"<p>Der zweite Durchgang der \u00a0Mediationsausbildung mit dem Schwerpunkt &#8222;Konfliktmanagement in Organisationen und Unternehmen&#8220; ist mit 16 TeilnehmerInnen gestartet. Falls Sie noch Interesse haben, es sind noch zwei Pl\u00e4tze frei, und ein Einstieg zum zweiten Modul ist noch m\u00f6glich. Fragen und Anmeldungen bitte\u00a0an mich oder an Frau Endres von unserem Kooperationspartner bbw in Bamberg. Der n\u00e4chste [&hellip;]<\/p>\n","protected":false},"author":2,"featured_media":0,"parent":337,"menu_order":1,"comment_status":"open","ping_status":"closed","template":"","meta":{"footnotes":""},"class_list":["post-369","page","type-page","status-publish","hentry"],"_links":{"self":[{"href":"https:\/\/lars-hofmann.com\/Mediation\/wp-json\/wp\/v2\/pages\/369","targetHints":{"allow":["GET"]}}],"collection":[{"href":"https:\/\/lars-hofmann.com\/Mediation\/wp-json\/wp\/v2\/pages"}],"about":[{"href":"https:\/\/lars-hofmann.com\/Mediation\/wp-json\/wp\/v2\/types\/page"}],"author":[{"embeddable":true,"href":"https:\/\/lars-hofmann.com\/Mediation\/wp-json\/wp\/v2\/users\/2"}],"replies":[{"embeddable":true,"href":"https:\/\/lars-hofmann.com\/Mediation\/wp-json\/wp\/v2\/comments?post=369"}],"version-history":[{"count":28,"href":"https:\/\/lars-hofmann.com\/Mediation\/wp-json\/wp\/v2\/pages\/369\/revisions"}],"predecessor-version":[{"id":389,"href":"https:\/\/lars-hofmann.com\/Mediation\/wp-json\/wp\/v2\/pages\/369\/revisions\/389"}],"up":[{"embeddable":true,"href":"https:\/\/lars-hofmann.com\/Mediation\/wp-json\/wp\/v2\/pages\/337"}],"wp:attachment":[{"href":"https:\/\/lars-hofmann.com\/Mediation\/wp-json\/wp\/v2\/media?parent=369"}],"curies":[{"name":"wp","href":"https:\/\/api.w.org\/{rel}","templated":true}]}}