{"id":38,"date":"2010-05-19T12:47:56","date_gmt":"2010-05-19T12:47:56","guid":{"rendered":"http:\/\/lars-hofmann.com\/wordpress\/?page_id=38"},"modified":"2010-08-25T12:16:59","modified_gmt":"2010-08-25T12:16:59","slug":"was-ich-tue","status":"publish","type":"page","link":"https:\/\/lars-hofmann.com\/Mediation\/profil\/was-ich-tue\/","title":{"rendered":"Arbeitsschwerpunkte"},"content":{"rendered":"<p>Die Mediation ist f\u00fcr mich nicht nur ein Arbeitsschwerpunkt. Ihre Grundannahmen und Methoden bilden &#8211; gemeinsam mit meinen vielf\u00e4ltigen Erfahrungen aus der Praxis &#8211; die Basis meiner Arbeit. Das beinhaltet das gemeinsame Gestalten von Prozessen und Erarbeiten von L\u00f6sungen mit den beteiligten Menschen genauso wie der vertrauliche und respektvolle Umgang miteinander. Konflikte sind nur dann destruktiv, wenn sie nicht gel\u00f6st werden; sie sind aber eine Chance, m\u00f6gliche und notwendige Ver\u00e4nderungen in Gang zu setzen . Und ich sehe mich als Begleiter auf ihrem Weg.<\/p>\n<p>Dabei stehen ihre Interessen im Fokus. Im Auftragskl\u00e4rungsgespr\u00e4ch haben Sie die Chance, die Situation aus ihrer Sicht zu schildern, mich und meine Arbeitsweise kennen zu lernen und gemeinsam entwickeln wir passgenaue Schritte oder Konzeptionen.<\/p>\n<p>In den folgenden Bereichen sehe ich mich mit Erfahrungen, St\u00e4rken, Kreativit\u00e4t und methodischen Kenntnissen ausgestattet:<\/p>\n<p><a class=\"lightwindow\" href=\"http:\/\/www.lars-hofmann.com\/lightbox.php?cat=Mediation\">Mediation<\/a><\/p>\n<p><a class=\"lightwindow\" href=\"http:\/\/www.lars-hofmann.com\/lightbox.php?cat=Coaching\">Coaching<\/a><\/p>\n<p><a class=\"lightwindow\" href=\"http:\/\/www.lars-hofmann.com\/lightbox.php?cat=Teamentwicklung\">Teamentwicklung<\/a><\/p>\n<p><a class=\"lightwindow\" href=\"http:\/\/www.lars-hofmann.com\/lightbox.php?cat=Mediation im oeffentlichen Raum\">Mediation im \u00f6ffentlichen Raum<\/a><\/p>\n<p><a class=\"lightwindow\" href=\"http:\/\/www.lars-hofmann.com\/lightbox.php?cat=Projekte an Schulen\">Projekte an Schulen<\/a><\/p>\n","protected":false},"excerpt":{"rendered":"<p>Die Mediation ist f\u00fcr mich nicht nur ein Arbeitsschwerpunkt. Ihre Grundannahmen und Methoden bilden &#8211; gemeinsam mit meinen vielf\u00e4ltigen Erfahrungen aus der Praxis &#8211; die Basis meiner Arbeit. Das beinhaltet das gemeinsame Gestalten von Prozessen und Erarbeiten von L\u00f6sungen mit den beteiligten Menschen genauso wie der vertrauliche und respektvolle Umgang miteinander. Konflikte sind nur dann [&hellip;]<\/p>\n","protected":false},"author":1,"featured_media":0,"parent":13,"menu_order":1,"comment_status":"open","ping_status":"closed","template":"","meta":{"footnotes":""},"class_list":["post-38","page","type-page","status-publish","hentry"],"_links":{"self":[{"href":"https:\/\/lars-hofmann.com\/Mediation\/wp-json\/wp\/v2\/pages\/38","targetHints":{"allow":["GET"]}}],"collection":[{"href":"https:\/\/lars-hofmann.com\/Mediation\/wp-json\/wp\/v2\/pages"}],"about":[{"href":"https:\/\/lars-hofmann.com\/Mediation\/wp-json\/wp\/v2\/types\/page"}],"author":[{"embeddable":true,"href":"https:\/\/lars-hofmann.com\/Mediation\/wp-json\/wp\/v2\/users\/1"}],"replies":[{"embeddable":true,"href":"https:\/\/lars-hofmann.com\/Mediation\/wp-json\/wp\/v2\/comments?post=38"}],"version-history":[{"count":39,"href":"https:\/\/lars-hofmann.com\/Mediation\/wp-json\/wp\/v2\/pages\/38\/revisions"}],"predecessor-version":[{"id":164,"href":"https:\/\/lars-hofmann.com\/Mediation\/wp-json\/wp\/v2\/pages\/38\/revisions\/164"}],"up":[{"embeddable":true,"href":"https:\/\/lars-hofmann.com\/Mediation\/wp-json\/wp\/v2\/pages\/13"}],"wp:attachment":[{"href":"https:\/\/lars-hofmann.com\/Mediation\/wp-json\/wp\/v2\/media?parent=38"}],"curies":[{"name":"wp","href":"https:\/\/api.w.org\/{rel}","templated":true}]}}