{"id":18,"date":"2010-09-11T11:29:44","date_gmt":"2010-09-11T11:29:44","guid":{"rendered":"http:\/\/www.lars-hofmann.com\/Reisevisionen\/wordpress\/?page_id=18"},"modified":"2022-09-13T12:15:35","modified_gmt":"2022-09-13T10:15:35","slug":"termine","status":"publish","type":"page","link":"https:\/\/lars-hofmann.com\/Reisevisionen\/termine\/","title":{"rendered":"Termine"},"content":{"rendered":"<p><strong><span style=\"color: #ff0000;\">2022<\/span><\/strong><\/p>\n<p>09. Oktober 2022 19:00 Uhr<br \/>\nN.N<br \/>\nEv. Pfarrzentrum, Mitwitz<\/p>\n<p>13. Oktober 2022 19:00 Uhr<br \/>\n<a href=\"https:\/\/lars-hofmann.com\/Reisevisionen\/aktuell\/\">Ach du liebe Welt<\/a><br \/>\n<a href=\"https:\/\/www.heisslerwein.de\" target=\"_blank\">Weingut Heissler<\/a>, Bad D\u00fcrkheim<\/p>\n<p><strong><span style=\"color: #ff0000;\">2020<\/span><\/strong><\/p>\n<p>06. Februar 2020 19:30 Uhr<br \/>\n<a href=\"https:\/\/lars-hofmann.com\/Reisevisionen\/diavisionen\/argentina-bastante-grande\/\" target=\"_blank\">Argentina &#8211; bastante grande!<\/a><br \/>\n<a href=\"http:\/\/www.fotogruppe-bad-ste.de\/uber-uns\/\" target=\"_blank\">Angerst\u00fcbla, Bad Staffelstein<\/a><\/p>\n<p>06. M\u00e4rz 2020 19:30 Uhr<br \/>\n<a href=\"https:\/\/lars-hofmann.com\/Reisevisionen\/aktuell\/\">Ach du liebe Welt<\/a><br \/>\n<a href=\"http:\/\/baumann-wintergarten.de\" target=\"_blank\">Baumann Wintergarten<\/a>, Stockheim<\/p>\n<p>04. April 2020 19:00 Uhr<br \/>\n<a href=\"https:\/\/lars-hofmann.com\/Reisevisionen\/diavisionen\/argentina-bastante-grande\/\">Patagonien<\/a><br \/>\n<a href=\"http:\/\/derskandinavier.de\" target=\"_blank\">Wander- Trekking-Testival,<\/a> Effelterm\u00fchle<\/p>\n<p><strong><span style=\"color: #0000ff;\">Vergangene Termine<\/span><\/strong><\/p>\n<p><span style=\"color: #ff0000; font-weight: bold;\">2019<\/span><\/p>\n<p>20. Januar 2019, 17:30 Uhr<br \/>\n<a href=\"https:\/\/lars-hofmann.com\/Reisevisionen\/diavisionen\/neuseeland\/\">Neuseeland<\/a><br \/>\nGemeindehaus, Friedersdorf (bei Pressig)<\/p>\n<p>28. Januar 2019 19:30 Uhr<br \/>\n<a href=\"https:\/\/lars-hofmann.com\/Reisevisionen\/aktuell\/\"> Ach du liebe Welt<\/a><br \/>\nGasthaus Dercks, Sonnefeld<\/p>\n<p>07.Februar 2019 19:30 Uhr<br \/>\n<a href=\"https:\/\/lars-hofmann.com\/Reisevisionen\/diavisionen\/namibia\/\" target=\"_self\">Namibia<\/a><br \/>\n<a href=\"http:\/\/www.fotogruppe-bad-ste.de\/uber-uns\/\" target=\"_blank\">Angerst\u00fcbla, Bad Staffelstein<\/a><\/p>\n<p>08. M\u00e4rz 2019, 19:30 Uhr<br \/>\nArgentina &#8211; bastante grande!<br \/>\n<a href=\"http:\/\/baumann-wintergarten.de\" target=\"_blank\">Baumann Wintergarten<\/a>, Stockheim<\/p>\n<p>06.April 2019 20:00 Uhr<br \/>\n<span style=\"text-decoration: underline;\"><a href=\"https:\/\/lars-hofmann.com\/Reisevisionen\/diavisionen\/namibia\/\">Namibia<\/a><\/span><br \/>\nEffelterm\u00fchle,\u00a0<a href=\"http:\/\/derskandinavier.de\" target=\"_blank\">Skandinavier-Festival<\/a><\/p>\n<p>10. Mai 2019, 19:30 Uhr<br \/>\n<a href=\"https:\/\/lars-hofmann.com\/Reisevisionen\/diavisionen\/argentina-bastante-grande\/\"> Argentina &#8211; bastante grande!<\/a><br \/>\nBegegnungsst\u00e4tte Mitwitz<\/p>\n<p>27. Oktober 2018 11:00, 13:00, 15:00 Uhr<br \/>\n<a href=\"https:\/\/lars-hofmann.com\/Reisevisionen\/diavisionen\/argentina-bastante-grande\/\" target=\"_blank\"> Argentina &#8211; Der Norden<\/a><br \/>\n<a href=\"http:\/\/www.steinberger-fotofreunde.de\/index.php\/fotoboersen\/fotoboerse-2017\" target=\"_blank\">Fotob\u00f6rse<\/a> Steinberg<\/p>\n<p>09. November 2019, 19:00 Uhr<br \/>\n<a href=\"https:\/\/lars-hofmann.com\/Reisevisionen\/diavisionen\/argentina-bastante-grande\/\" target=\"_blank\"> Argentina &#8211; bastante grande!<\/a><br \/>\nKulturhalle, Neuhaus Schierschnitz<\/p>\n<p>17. November 2019, 17:30 Uhr<br \/>\n<a href=\"https:\/\/lars-hofmann.com\/Reisevisionen\/diavisionen\/ladakh-kaschmir\/\">Auf dem Weg nach Ladakh &amp; Kaschmir<\/a><br \/>\nFriedersdorf, Gemeinschaftshaus<\/p>\n<p><span style=\"color: #ff0000;\"><strong>2018<\/strong><\/span><\/p>\n<p>04. Februar 2018 17:00 Uhr<br \/>\n<a href=\"https:\/\/lars-hofmann.com\/Reisevisionen\/diavisionen\/kuba\/\" target=\"_blank\">Cuba es mas<\/a><br \/>\n<a href=\"http:\/\/www.alpenverein-beckum.de\/index.php\/aktuelles.html\" target=\"_blank\">DAV Beckum<\/a><\/p>\n<p>05. Februar 2018 19:30 Uhr<br \/>\n<a href=\"https:\/\/lars-hofmann.com\/Reisevisionen\/diavisionen\/una-vuelta\/\" target=\"_blank\">Unavuelta<\/a><br \/>\n<a href=\"http:\/\/www.dav-duesseldorf.de\" target=\"_blank\">DAV D\u00fcsseldorf (VHS R\u00e4ume)<\/a><\/p>\n<p>06. Februar 2018 19:30 Uhr<br \/>\n<a href=\"https:\/\/lars-hofmann.com\/Reisevisionen\/diavisionen\/una-vuelta\/\" target=\"_blank\">Unavuelta<\/a><br \/>\n<a href=\"http:\/\/www.dav-barmen-wuppertal.de\/de\/themen\/vortraege-veranstaltungen\/\" target=\"_blank\">DAV Barmen-Wuppertal<\/a><\/p>\n<p>07. Februar 2018 19:30 Uhr<br \/>\n<a href=\"https:\/\/lars-hofmann.com\/Reisevisionen\/diavisionen\/kuba\/\" target=\"_blank\">Cuba es mas<\/a><br \/>\n<a href=\"http:\/\/www.dav-duesseldorf.de\" target=\"_blank\">DAV Neuss (VHS-R\u00e4ume)<\/a><\/p>\n<p>15. Februar 2018 19:30 Uhr<br \/>\n<a href=\"https:\/\/lars-hofmann.com\/Reisevisionen\/diavisionen\/una-vuelta\/\" target=\"_blank\">Unavuelta<\/a><br \/>\n<a href=\"http:\/\/dav-bochum.de\/index.php\/multimedia-vortraege\" target=\"_blank\">DAV Bochum<\/a><\/p>\n<p>17.Februar 2018 19:30 Uhr<br \/>\n<a href=\"https:\/\/lars-hofmann.com\/Reisevisionen\/diavisionen\/gente-de-cuba-cuentos-de-cuba-teil-2\/\" target=\"_self\"> Gente de Cuba Cuentos de Cuba<\/a> (Teil 2 der Reise)<br \/>\n<a href=\"https:\/\/www.dav-aachen.de\/lichtbildvortraege\" target=\"_blank\">Ludwig Forum Aachen (DAV)<\/a><\/p>\n<p>09. M\u00e4rz 2018 19:30 Uhr<br \/>\n<a href=\"https:\/\/lars-hofmann.com\/Reisevisionen\/diavisionen\/namibia\/\" target=\"_self\"> Namibia<\/a><br \/>\n<a href=\"http:\/\/baumann-wintergarten.de\" target=\"_blank\">Baumann Wintergarten<\/a>, Stockheim<\/p>\n<p>22.M\u00e4rz 2018 19:00 Uhr<br \/>\n<a href=\"https:\/\/lars-hofmann.com\/Reisevisionen\/diavisionen\/neuseeland\/\" target=\"_self\">Neuseeland<\/a><br \/>\nKaribik Caf\u00e9 und Atelier Martin Ludwig, Kronach<\/p>\n<p>14.April 2018 20:00 Uhr<br \/>\n<span style=\"color: #0000ee;\"><span style=\"text-decoration: underline;\"><a href=\"https:\/\/lars-hofmann.com\/Reisevisionen\/diavisionen\/namibia\/\">Namibia<\/a><\/span><\/span><br \/>\nEffelterm\u00fchle, Skandinavier-Festival<\/p>\n<p>28. Oktober 2018 11:00, 13:00, 15:00 Uhr<br \/>\n<a href=\"https:\/\/lars-hofmann.com\/Reisevisionen\/aktuell\/\" target=\"_blank\">Ach du liebe Welt <\/a><br \/>\n<a href=\"http:\/\/www.steinberger-fotofreunde.de\/index.php\/fotoboersen\/fotoboerse-2017\" target=\"_blank\">Fotob\u00f6rse<\/a> Steinberg<\/p>\n<p>13. Dezember 2018, 19:30 Uhr<br \/>\n<a href=\"https:\/\/lars-hofmann.com\/Reisevisionen\/diavisionen\/neuseeland\/\">Neuseeland<\/a><br \/>\nDAV Bamberg, Bistumshaus Heinrichsdamm<\/p>\n<p><strong><span style=\"color: #ff0000;\">2017<\/span><\/strong><\/p>\n<p>01.April 2017 20:00 Uhr<br \/>\n<span style=\"text-decoration: underline;\"><a href=\"https:\/\/lars-hofmann.com\/Reisevisionen\/diavisionen\/ladakh-kaschmir\/\" target=\"_blank\">Ladakh und Kaschmir<\/a><\/span><br \/>\nEffelterm\u00fchle, Skandinavier-Festival<\/p>\n<p>05. Mai 2017 22:00 Uhr<br \/>\n<a href=\"https:\/\/lars-hofmann.com\/Reisevisionen\/aktuell\/\" target=\"_blank\">Ach du liebe Welt <\/a><br \/>\nStadtpfarrkirche Kronach im Rahmen von\u00a0<a href=\"https:\/\/www.kronachleuchtet.com\" target=\"_blank\">Kronach leuchtet<\/a><\/p>\n<p>01.September 2017 20:00 Uhr<br \/>\n<a href=\"https:\/\/lars-hofmann.com\/Reisevisionen\/diavisionen\/gente-de-cuba-cuentos-de-cuba-teil-2\/\" target=\"_self\">Gente de Cuba Cuentos de Cuba<\/a> (Teil 2 der Reise)<br \/>\n<a href=\"http:\/\/www.neuhaus-schierschnitz.de\/tourismus\/sehenswuerdigkeiten\/burg\" target=\"_blank\">Burg<\/a>, Neuhaus Schierschnitz<\/p>\n<p>29. Oktober 2017 11:00, 13:00, 15:00 Uhr<br \/>\nNamibia-Ausschnitte<br \/>\n<a href=\"http:\/\/www.steinberger-fotofreunde.de\/index.php\/fotoboersen\/fotoboerse-2017\" target=\"_blank\">Fotob\u00f6rse<\/a> Steinberg<\/p>\n<p>05. November 2017 17:00 Uhr<br \/>\nNamibia<br \/>\n<a href=\"http:\/\/roesla.de\" target=\"_blank\">R\u00f6sla<\/a>, Burgkunstadt<\/p>\n<p>09. November 2017 19:00 Uhr<br \/>\n<a href=\"https:\/\/lars-hofmann.com\/Reisevisionen\/diavisionen\/kuba\/\" target=\"_blank\">Cuba es mas<\/a><br \/>\n<a href=\"http:\/\/www.kulturpunkt-bruck.de\" target=\"_blank\">Fernweh-Forum Erlangen<\/a><\/p>\n<p>16. November 2017 19:30 Uhr<br \/>\n<a href=\"https:\/\/lars-hofmann.com\/Reisevisionen\/diavisionen\/una-vuelta\/\" target=\"_blank\">Unavuelta<\/a><br \/>\n<a href=\"http:\/\/www.fotogruppe-bad-ste.de\/uber-uns\/\" target=\"_blank\">Angerst\u00fcbla, Bad Staffelstein<\/a><\/p>\n<p>19.November 2017 18:00 Uhr<br \/>\n<a href=\"https:\/\/lars-hofmann.com\/Reisevisionen\/diavisionen\/gente-de-cuba-cuentos-de-cuba-teil-2\/\" target=\"_self\">Gente de Cuba Cuentos de Cuba<\/a> (Teil 2 der Reise)<br \/>\nKaribik Caf\u00e9 und Atelier Martin Ludwig, Kronach<\/p>\n<p>09. Dezember 2017 19:30 Uhr<br \/>\n<a href=\"https:\/\/lars-hofmann.com\/Reisevisionen\/diavisionen\/kuba\/\" target=\"_blank\">Cuba es mas<\/a> (Teil 1 der Reise)<br \/>\n<a href=\"https:\/\/www.dav-aachen.de\/vortraege\" target=\"_blank\">Ludwig-Forum Aachen<\/a><\/p>\n<p><span style=\"color: #ff0000; font-weight: bold;\">2016<\/span><\/p>\n<p>04. Dezember 2016 18:00 Uhr<br \/>\nKuba es mas (Teil 1 der Reise)<br \/>\n<a href=\"http:\/\/www.kommunbraeu.de\" target=\"_blank\">Kommunbr\u00e4u Kulmbach<\/a><\/p>\n<p>24.November 2016 18:00 Uhr<br \/>\nVernissage &#8222;Gente de Cuba &#8211; Cuentos de Cuba&#8220; Ausstellung<br \/>\n<a href=\"http:\/\/www.bayerische-medienakademien.de\" target=\"_blank\"> Akademie Neue Medien, Kulmbach<\/a><\/p>\n<p>10.November 2016 19:30 Uhr<br \/>\nGente de Cuba Cuentos de Cuba \u00a0(Teil 2 der Reise)<br \/>\n<a href=\"http:\/\/www.fotogruppe-bad-ste.de\/uber-uns\/\" target=\"_blank\">Angerst\u00fcbla, Bad Staffelstein<\/a><\/p>\n<p>30. Oktober 2016 11:00, 13:00,15:00 Uhr<br \/>\nGente de Cuba Cuentos de Cuba \u00a0(Ausschnitte)<br \/>\n<a href=\"http:\/\/www.steinberger-fotofreunde.de\" target=\"_blank\">Steinberg, Fotob\u00f6rse<\/a><\/p>\n<p>23.Oktober 2016 17:00 Uhr<br \/>\nGente de Cuba Cuentos de Cuba \u00a0(Teil 2 der Reise)<br \/>\n<a href=\"http:\/\/alteseilerei-bamberg.de\" target=\"_blank\">Alte Seilere<\/a>i, Bamberg<\/p>\n<p>20. Oktober 2016 19:30 Uhr<br \/>\nKuba es mas (Teil 1 der Reise)<br \/>\n<a href=\"http:\/\/www.fotogruppe-bad-ste.de\/uber-uns\/\" target=\"_blank\">Angerst\u00fcbla, Bad Staffelstein<\/a><\/p>\n<p>13. Oktober 2016 19:00 Uhr<br \/>\nKuba es mas (Teil 1 der Reise)<br \/>\n<a href=\"http:\/\/alteseilerei-bamberg.de\" target=\"_blank\">Alte Seilere<\/a>i, Bamberg<\/p>\n<p>25.September 2016 17:00 Uhr<br \/>\nVernissage &#8222;Gente de Cuba &#8211; Cuentos de Cuba&#8220; Ausstellung<br \/>\n<a href=\"http:\/\/alteseilerei-bamberg.de\" target=\"_blank\">Alte Seilere<\/a>i, Bamberg<\/p>\n<p>02.September 2016 20:00 Uhr<br \/>\nCuba es mas (Teil 1 der Reise)<br \/>\n<a href=\"http:\/\/www.neuhaus-schierschnitz.de\/tourismus\/sehenswuerdigkeiten\/burg\" target=\"_blank\">Burg Neuhaus\/Schierschnitz<\/a><\/p>\n<p>11.Juli 2016 19:00 Uhr<br \/>\nVernissage &#8222;Gente de Cuba &#8211; Cuentos de Cuba&#8220; Ausstellung<br \/>\nCafe Lorla Kronach<\/p>\n<p>09.Juli 2016 21:30 Uhr<br \/>\nGente de Cuba &#8211; Cuentos de Cuba<br \/>\nRosenauplatz, Kronach &#8211; Open Air!<\/p>\n<p>23.April 2016 16:00 Uhr<br \/>\nGente de Cuba &#8211; Cuentos de Cuba<br \/>\n<a href=\"http:\/\/www.glaswerk-atelier.de\" target=\"_blank\">Caf\u00e9 Atelier<\/a>, Hasenthal\/Th\u00fcringen<\/p>\n<p>22. Februar 2016 19:30 Uhr<br \/>\nGente de Cuba &#8211; Cuentos de Cuba<br \/>\nGasthaus Dercks, Sonnefeld<\/p>\n","protected":false},"excerpt":{"rendered":"<p>2022 09. Oktober 2022 19:00 Uhr N.N Ev. Pfarrzentrum, Mitwitz 13. Oktober 2022 19:00 Uhr Ach du liebe Welt Weingut Heissler, Bad D\u00fcrkheim 2020 06. Februar 2020 19:30 Uhr Argentina &#8211; bastante grande! Angerst\u00fcbla, Bad Staffelstein 06. M\u00e4rz 2020 19:30 Uhr Ach du liebe Welt Baumann Wintergarten, Stockheim 04. April 2020 19:00 Uhr Patagonien Wander- [&hellip;]<\/p>\n","protected":false},"author":1,"featured_media":0,"parent":0,"menu_order":3,"comment_status":"open","ping_status":"closed","template":"","meta":{"footnotes":""},"class_list":["post-18","page","type-page","status-publish","hentry"],"_links":{"self":[{"href":"https:\/\/lars-hofmann.com\/Reisevisionen\/wp-json\/wp\/v2\/pages\/18","targetHints":{"allow":["GET"]}}],"collection":[{"href":"https:\/\/lars-hofmann.com\/Reisevisionen\/wp-json\/wp\/v2\/pages"}],"about":[{"href":"https:\/\/lars-hofmann.com\/Reisevisionen\/wp-json\/wp\/v2\/types\/page"}],"author":[{"embeddable":true,"href":"https:\/\/lars-hofmann.com\/Reisevisionen\/wp-json\/wp\/v2\/users\/1"}],"replies":[{"embeddable":true,"href":"https:\/\/lars-hofmann.com\/Reisevisionen\/wp-json\/wp\/v2\/comments?post=18"}],"version-history":[{"count":153,"href":"https:\/\/lars-hofmann.com\/Reisevisionen\/wp-json\/wp\/v2\/pages\/18\/revisions"}],"predecessor-version":[{"id":84,"href":"https:\/\/lars-hofmann.com\/Reisevisionen\/wp-json\/wp\/v2\/pages\/18\/revisions\/84"}],"wp:attachment":[{"href":"https:\/\/lars-hofmann.com\/Reisevisionen\/wp-json\/wp\/v2\/media?parent=18"}],"curies":[{"name":"wp","href":"https:\/\/api.w.org\/{rel}","templated":true}]}}