{"id":38,"date":"2010-09-11T11:36:31","date_gmt":"2010-09-11T11:36:31","guid":{"rendered":"http:\/\/www.lars-hofmann.com\/Reisevisionen\/wordpress\/?page_id=38"},"modified":"2017-02-28T08:58:01","modified_gmt":"2017-02-28T07:58:01","slug":"ladakh-kaschmir","status":"publish","type":"page","link":"https:\/\/lars-hofmann.com\/Reisevisionen\/diavisionen\/ladakh-kaschmir\/","title":{"rendered":"Ladakh und Kaschmir"},"content":{"rendered":"<p>Auf dem Weg nach Ladakh und Kaschmir<\/p>\n<p>Indien war meine erste Station auf der &#8222;Unavuelta &#8211; Reise&#8220; von September 2009 bis Januar 2010. \u00dcber die gesamte Reise gibt es den Vortrag &#8222;Unavuelta&#8220;. \u00dcber diesen ersten Abschnitt gibt es ab November 2010 einen eigenen Vortrag. Auch wenn die indische Himalaya-Region l\u00e4ngst auf den Standardrouten  vieler Bergsteiger und Rucksacktouristen liegt, gibt es dort immer noch viele spannende Geschichten zu erleben. Vor allem, wenn es die erste Reise in die Himalaya-Region ist.<\/p>\n<p>Auf dem Weg nach Ladakh und Kaschmir habe ich viele interessante Menschen kennengelernt: andere Reisende wie den Vietnamesen Duc, der mit dem Fahrrad im Gebirge unterwegs war. Oder Tatjana aus Mexiko, die in Mumbai arbeitete und mit Luca, einem deutsch-italiener ebenfalls in die Berge wollte. Oder Stanzin, einen jungen Buddhisten aus dem Nubratal, der mit seinem Jeep Touristen \u00fcber die bis zu 5300m hohen P\u00e4sse f\u00e4hrt.<\/p>\n<p>Auf dem Weg nach Ladakh liegt auch Dharamsala, der Sitz des Dalai Lama und der tibetischen Exilregierung. Ab hier begleitete mich die buddhistische Lebenseinstellung und Atmosph\u00e4re bis nach Leh, dem Herzen Ladakhs. Auf 3500m \u00fcber dem Meeresspiegel liegt die alte K\u00f6nigsstadt, die Ausgangspunkt f\u00fcr eine Tour auf einen 6000er war, ins abgelegene Nubratal und an die tibetische Grenze zum Pangonksee. Auf dem Weg lag dann auch \u2013 eher ungeplant \u2013 die Fahrt mit dem Jeep nach Kaschmir. Es war nur ein verl\u00e4ngerter Wochenendtrip, aber der Besuch dieser konfliktreichen Region war spannend und aufregend. Ich hoffe, ich kann einen Einblick in diese faszinierende und vielf\u00e4ltige Lebenswelt geben!<\/p>\n<p>Hier gibt es einen klitzekleinen Ausschnitt aus der Show; ich zeige Kinder des &#8222;Tibetan Children Village&#8220; in Dharamsala. Leider l\u00e4uft es momentan nicht mit dem Quicktime Player, ich bin aber dabei, es auch f\u00fcr den Mac zum Laufen zu bringen.<\/p>\n<p><a href=\"https:\/\/lars-hofmann.com\/Reisevisionen\/wp-content\/uploads\/TCV_Kids2.wmv\">TCV_Kids2<\/a><\/p>\n<p><a href=\"https:\/\/lars-hofmann.com\/Reisevisionen\/wp-content\/uploads\/B\u00e4ndchenfrau-Dharamsaala.jpg\"><img loading=\"lazy\" decoding=\"async\" class=\"alignleft size-medium wp-image-159\" title=\"B\u00e4ndchenfrau Dharamsaala\" src=\"https:\/\/lars-hofmann.com\/Reisevisionen\/wp-content\/uploads\/B\u00e4ndchenfrau-Dharamsaala-300x199.jpg\" alt=\"\" width=\"300\" height=\"199\" srcset=\"https:\/\/lars-hofmann.com\/Reisevisionen\/wp-content\/uploads\/B\u00e4ndchenfrau-Dharamsaala-300x199.jpg 300w, https:\/\/lars-hofmann.com\/Reisevisionen\/wp-content\/uploads\/B\u00e4ndchenfrau-Dharamsaala-1024x681.jpg 1024w\" sizes=\"auto, (max-width: 300px) 100vw, 300px\" \/><\/a><a href=\"https:\/\/lars-hofmann.com\/Reisevisionen\/wp-content\/uploads\/Tanglang-La.jpg\"><img loading=\"lazy\" decoding=\"async\" class=\"alignright size-medium wp-image-162\" title=\"Tanglang La\" src=\"https:\/\/lars-hofmann.com\/Reisevisionen\/wp-content\/uploads\/Tanglang-La-300x199.jpg\" alt=\"\" width=\"300\" height=\"199\" srcset=\"https:\/\/lars-hofmann.com\/Reisevisionen\/wp-content\/uploads\/Tanglang-La-300x199.jpg 300w, https:\/\/lars-hofmann.com\/Reisevisionen\/wp-content\/uploads\/Tanglang-La-1024x681.jpg 1024w\" sizes=\"auto, (max-width: 300px) 100vw, 300px\" \/><\/a><\/p>\n<p><a href=\"https:\/\/lars-hofmann.com\/Reisevisionen\/wp-content\/uploads\/Kaschmiri-Dalsee.jpg\"><img loading=\"lazy\" decoding=\"async\" class=\"alignleft size-medium wp-image-160\" title=\"Kaschmiri Dalsee\" src=\"https:\/\/lars-hofmann.com\/Reisevisionen\/wp-content\/uploads\/Kaschmiri-Dalsee-300x200.jpg\" alt=\"\" width=\"300\" height=\"200\" srcset=\"https:\/\/lars-hofmann.com\/Reisevisionen\/wp-content\/uploads\/Kaschmiri-Dalsee-300x200.jpg 300w, https:\/\/lars-hofmann.com\/Reisevisionen\/wp-content\/uploads\/Kaschmiri-Dalsee-1024x684.jpg 1024w\" sizes=\"auto, (max-width: 300px) 100vw, 300px\" \/><\/a><a href=\"https:\/\/lars-hofmann.com\/Reisevisionen\/wp-content\/uploads\/LKW-am-Rotang-Pass.jpg\"><img loading=\"lazy\" decoding=\"async\" class=\"alignright size-medium wp-image-161\" title=\"LKW am Rotang Pass\" src=\"https:\/\/lars-hofmann.com\/Reisevisionen\/wp-content\/uploads\/LKW-am-Rotang-Pass-300x199.jpg\" alt=\"\" width=\"300\" height=\"199\" srcset=\"https:\/\/lars-hofmann.com\/Reisevisionen\/wp-content\/uploads\/LKW-am-Rotang-Pass-300x199.jpg 300w, https:\/\/lars-hofmann.com\/Reisevisionen\/wp-content\/uploads\/LKW-am-Rotang-Pass-1024x680.jpg 1024w\" sizes=\"auto, (max-width: 300px) 100vw, 300px\" \/><\/a><\/p>\n","protected":false},"excerpt":{"rendered":"<p>Auf dem Weg nach Ladakh und Kaschmir Indien war meine erste Station auf der &#8222;Unavuelta &#8211; Reise&#8220; von September 2009 bis Januar 2010. \u00dcber die gesamte Reise gibt es den Vortrag &#8222;Unavuelta&#8220;. \u00dcber diesen ersten Abschnitt gibt es ab November 2010 einen eigenen Vortrag. Auch wenn die indische Himalaya-Region l\u00e4ngst auf den Standardrouten vieler Bergsteiger [&hellip;]<\/p>\n","protected":false},"author":1,"featured_media":0,"parent":7,"menu_order":4,"comment_status":"open","ping_status":"closed","template":"","meta":{"footnotes":""},"class_list":["post-38","page","type-page","status-publish","hentry"],"_links":{"self":[{"href":"https:\/\/lars-hofmann.com\/Reisevisionen\/wp-json\/wp\/v2\/pages\/38","targetHints":{"allow":["GET"]}}],"collection":[{"href":"https:\/\/lars-hofmann.com\/Reisevisionen\/wp-json\/wp\/v2\/pages"}],"about":[{"href":"https:\/\/lars-hofmann.com\/Reisevisionen\/wp-json\/wp\/v2\/types\/page"}],"author":[{"embeddable":true,"href":"https:\/\/lars-hofmann.com\/Reisevisionen\/wp-json\/wp\/v2\/users\/1"}],"replies":[{"embeddable":true,"href":"https:\/\/lars-hofmann.com\/Reisevisionen\/wp-json\/wp\/v2\/comments?post=38"}],"version-history":[{"count":19,"href":"https:\/\/lars-hofmann.com\/Reisevisionen\/wp-json\/wp\/v2\/pages\/38\/revisions"}],"predecessor-version":[{"id":171,"href":"https:\/\/lars-hofmann.com\/Reisevisionen\/wp-json\/wp\/v2\/pages\/38\/revisions\/171"}],"up":[{"embeddable":true,"href":"https:\/\/lars-hofmann.com\/Reisevisionen\/wp-json\/wp\/v2\/pages\/7"}],"wp:attachment":[{"href":"https:\/\/lars-hofmann.com\/Reisevisionen\/wp-json\/wp\/v2\/media?parent=38"}],"curies":[{"name":"wp","href":"https:\/\/api.w.org\/{rel}","templated":true}]}}