{"id":44,"date":"2010-09-11T11:38:12","date_gmt":"2010-09-11T11:38:12","guid":{"rendered":"http:\/\/www.lars-hofmann.com\/Reisevisionen\/wordpress\/?page_id=44"},"modified":"2016-04-06T09:00:52","modified_gmt":"2016-04-06T09:00:52","slug":"jordanien","status":"publish","type":"page","link":"https:\/\/lars-hofmann.com\/Reisevisionen\/diavisionen\/jordanien\/","title":{"rendered":"Jordanien"},"content":{"rendered":"<p><img loading=\"lazy\" decoding=\"async\" class=\"alignnone size-full wp-image-45\" title=\"page9_1\" src=\"https:\/\/lars-hofmann.com\/Reisevisionen\/wp-content\/uploads\/page9_1.jpg\" alt=\"\" width=\"461\" height=\"319\" srcset=\"https:\/\/lars-hofmann.com\/Reisevisionen\/wp-content\/uploads\/page9_1.jpg 461w, https:\/\/lars-hofmann.com\/Reisevisionen\/wp-content\/uploads\/page9_1-300x207.jpg 300w\" sizes=\"auto, (max-width: 461px) 100vw, 461px\" \/><\/p>\n<p>Jordanien &#8211; Wadi, W\u00fcste, Weltkulturerbe<\/p>\n<p>In Jordanien sind die Chancen gro\u00df, Teil eines Postkartenmotivs zu sein. Sei es scheinbar schwebend mit einem Buch in der Hand im Toten Meer, dem tiefstgelegenen See der Erde, Oder beim Besuch der Nabat\u00e4erstadt \u201ePetra\u201c, am besten vor dem Felsentor des Schatzhauses \u201eKhazne al-Firaun\u201c, gegen\u00fcber des Ausgangs aus dem Siq. Sei es auf den Spuren Lawrence von Arabiens im Wadi Rum, einer W\u00fcstenlandschaft, die sich mit Felsen, Bergen und T\u00e4lern schm\u00fcckt. Oder auf den Spuren Moses, der vom Berg Nebo aus das gelobte Land entdeckte. Aber Postkartenmotiv sein? Das war nicht unsere Absicht, als wir nach Jordanien gereist sind. Die Jahreszeit (Dezember\/Januar) hat uns da schon mal geholfen, da sehr wenige Touristen im Winter in Jordanien unterwegs sind; unsere Art zu reisen sicherlich auch: auf eigene Faust, mit Rucksack und Zelt. Die Gastfreundschaft der Beduinen, die Kreuzritter-Tempel und W\u00fcstenschl\u00f6sser und die Grenz\u00fcberquerung von Jordanien nach Israel (f\u00fcr einen Kurztripp nach Jerusalem) haben uns gezeigt: Jordanien hat mehr zu bieten als die Motive auf den Postkarten!<\/p>\n<p><object id=\"mymovie\" classid=\"clsid:d27cdb6e-ae6d-11cf-96b8-444553540000\" width=\"460\" height=\"320\" codebase=\"http:\/\/download.macromedia.com\/pub\/shockwave\/cabs\/flash\/swflash.cab#version=6,0,40,0\"><param name=\"name\" value=\"mymovie\" \/><param name=\"bgcolor\" value=\"#ffffff\" \/><param name=\"src\" value=\"http:\/\/lars-hofmann.com\/Reisevisionen\/wp-content\/themes\/magnesium\/flash\/jordanien\/slideshow.swf\" \/><param name=\"wmode\" value=\"opaque\" \/><param name=\"quality\" value=\"high\" \/><embed id=\"mymovie\" type=\"application\/x-shockwave-flash\" width=\"460\" height=\"320\" src=\"http:\/\/lars-hofmann.com\/Reisevisionen\/wp-content\/themes\/magnesium\/flash\/jordanien\/slideshow.swf\" quality=\"high\" wmode=\"opaque\" bgcolor=\"#ffffff\" name=\"mymovie\"><\/embed><\/object><\/p>\n","protected":false},"excerpt":{"rendered":"<p>Jordanien &#8211; Wadi, W\u00fcste, Weltkulturerbe In Jordanien sind die Chancen gro\u00df, Teil eines Postkartenmotivs zu sein. Sei es scheinbar schwebend mit einem Buch in der Hand im Toten Meer, dem tiefstgelegenen See der Erde, Oder beim Besuch der Nabat\u00e4erstadt \u201ePetra\u201c, am besten vor dem Felsentor des Schatzhauses \u201eKhazne al-Firaun\u201c, gegen\u00fcber des Ausgangs aus dem Siq. [&hellip;]<\/p>\n","protected":false},"author":1,"featured_media":0,"parent":7,"menu_order":7,"comment_status":"open","ping_status":"closed","template":"","meta":{"footnotes":""},"class_list":["post-44","page","type-page","status-publish","hentry"],"_links":{"self":[{"href":"https:\/\/lars-hofmann.com\/Reisevisionen\/wp-json\/wp\/v2\/pages\/44","targetHints":{"allow":["GET"]}}],"collection":[{"href":"https:\/\/lars-hofmann.com\/Reisevisionen\/wp-json\/wp\/v2\/pages"}],"about":[{"href":"https:\/\/lars-hofmann.com\/Reisevisionen\/wp-json\/wp\/v2\/types\/page"}],"author":[{"embeddable":true,"href":"https:\/\/lars-hofmann.com\/Reisevisionen\/wp-json\/wp\/v2\/users\/1"}],"replies":[{"embeddable":true,"href":"https:\/\/lars-hofmann.com\/Reisevisionen\/wp-json\/wp\/v2\/comments?post=44"}],"version-history":[{"count":7,"href":"https:\/\/lars-hofmann.com\/Reisevisionen\/wp-json\/wp\/v2\/pages\/44\/revisions"}],"predecessor-version":[{"id":610,"href":"https:\/\/lars-hofmann.com\/Reisevisionen\/wp-json\/wp\/v2\/pages\/44\/revisions\/610"}],"up":[{"embeddable":true,"href":"https:\/\/lars-hofmann.com\/Reisevisionen\/wp-json\/wp\/v2\/pages\/7"}],"wp:attachment":[{"href":"https:\/\/lars-hofmann.com\/Reisevisionen\/wp-json\/wp\/v2\/media?parent=44"}],"curies":[{"name":"wp","href":"https:\/\/api.w.org\/{rel}","templated":true}]}}