{"id":858,"date":"2019-02-11T21:06:36","date_gmt":"2019-02-11T20:06:36","guid":{"rendered":"http:\/\/www.lars-hofmann.com\/Reisevisionen\/"},"modified":"2019-02-21T09:34:50","modified_gmt":"2019-02-21T08:34:50","slug":"argentina-bastante-grande","status":"publish","type":"page","link":"https:\/\/lars-hofmann.com\/Reisevisionen\/diavisionen\/argentina-bastante-grande\/","title":{"rendered":"Argentina &#8211; bastante grande"},"content":{"rendered":"<h2>Argentina &#8211; bastante grande<\/h2>\n<p>Drei Reisen habe ich nach Argentinien bisher unternommen: 1998, 2009\/2010 und 2012\/2013. Insgesamt war ich mehr als ein halbes Jahr in diesem ziemlich gro\u00dfen Land. Es gibt also viel zu erz\u00e4hlen, denn ich habe wirklich viele Ecken bereist &#8211; zu Fu\u00df, mit dem Miet-Auto oder den \u00f6ffentlichen Bussen. Und ich habe viele Menschen kennengelernt und enge Freundschaften gekn\u00fcpft. Ich lade euch ein auf eine Reise von den Iguazu-Wasserf\u00e4llen bis nach Feuerland, von den Anden bis an die Atlantik-K\u00fcste, auf Weing\u00fcter nach Mendoza und zu den Indigenas im farbenfrohen Nordwesten. Und ich nehme euch mit in die argentinische Lebenswelt, erz\u00e4hle von den Freunden in den Kleinst\u00e4dten der Provinz Entre Rios. &#8222;Argentina &#8211; bastante grande &#8211; Vamos!<\/p>\n<p style=\"text-align: center;\"><a href=\"https:\/\/lars-hofmann.com\/Reisevisionen\/wp-content\/uploads\/Argentina-3Reisen-bastantegrande.jpg\"><img loading=\"lazy\" decoding=\"async\" class=\"aligncenter size-large wp-image-875\" title=\"Argentina 3Reisen bastantegrande\" src=\"https:\/\/lars-hofmann.com\/Reisevisionen\/wp-content\/uploads\/Argentina-3Reisen-bastantegrande-1024x313.jpg\" alt=\"\" width=\"553\" height=\"169\" srcset=\"https:\/\/lars-hofmann.com\/Reisevisionen\/wp-content\/uploads\/Argentina-3Reisen-bastantegrande-1024x313.jpg 1024w, https:\/\/lars-hofmann.com\/Reisevisionen\/wp-content\/uploads\/Argentina-3Reisen-bastantegrande-300x91.jpg 300w\" sizes=\"auto, (max-width: 553px) 100vw, 553px\" \/><\/a><\/p>\n<p style=\"text-align: center;\">\n","protected":false},"excerpt":{"rendered":"<p>Argentina &#8211; bastante grande Drei Reisen habe ich nach Argentinien bisher unternommen: 1998, 2009\/2010 und 2012\/2013. Insgesamt war ich mehr als ein halbes Jahr in diesem ziemlich gro\u00dfen Land. Es gibt also viel zu erz\u00e4hlen, denn ich habe wirklich viele Ecken bereist &#8211; zu Fu\u00df, mit dem Miet-Auto oder den \u00f6ffentlichen Bussen. Und ich habe [&hellip;]<\/p>\n","protected":false},"author":2,"featured_media":0,"parent":7,"menu_order":0,"comment_status":"open","ping_status":"closed","template":"","meta":{"footnotes":""},"class_list":["post-858","page","type-page","status-publish","hentry"],"_links":{"self":[{"href":"https:\/\/lars-hofmann.com\/Reisevisionen\/wp-json\/wp\/v2\/pages\/858","targetHints":{"allow":["GET"]}}],"collection":[{"href":"https:\/\/lars-hofmann.com\/Reisevisionen\/wp-json\/wp\/v2\/pages"}],"about":[{"href":"https:\/\/lars-hofmann.com\/Reisevisionen\/wp-json\/wp\/v2\/types\/page"}],"author":[{"embeddable":true,"href":"https:\/\/lars-hofmann.com\/Reisevisionen\/wp-json\/wp\/v2\/users\/2"}],"replies":[{"embeddable":true,"href":"https:\/\/lars-hofmann.com\/Reisevisionen\/wp-json\/wp\/v2\/comments?post=858"}],"version-history":[{"count":10,"href":"https:\/\/lars-hofmann.com\/Reisevisionen\/wp-json\/wp\/v2\/pages\/858\/revisions"}],"predecessor-version":[{"id":880,"href":"https:\/\/lars-hofmann.com\/Reisevisionen\/wp-json\/wp\/v2\/pages\/858\/revisions\/880"}],"up":[{"embeddable":true,"href":"https:\/\/lars-hofmann.com\/Reisevisionen\/wp-json\/wp\/v2\/pages\/7"}],"wp:attachment":[{"href":"https:\/\/lars-hofmann.com\/Reisevisionen\/wp-json\/wp\/v2\/media?parent=858"}],"curies":[{"name":"wp","href":"https:\/\/api.w.org\/{rel}","templated":true}]}}